c + 1575 - w. Suppose -2*m - 4 + 2 = 0. Determine o(m).
1
Let s(m) be the second derivative of -5/6*m**3 + 1/20*m**5 + 6*m + 0*m**2 - 1/6*m**4 + 0. What is s(4)?
12
Let w(b) = -4*b**2 + 2 - 9 + 7. Let g(h) = -h**2. Let d(i) = -9*g(i) + 2*w(i). Determine d(-3).
9
Let h(p) = 2*p**2 + 3*p + 3. Suppose -25 = -5*g - 0*g. Suppose l = -2*o - 12, -5*l - 2*o + 5 = -g*o. What is h(l)?
5
Let k(f) = f**2 + 5*f - 3. Let b be (2/6)/(3/(-9)) - -52. Suppose b*m - 44*m = -35. Calculate k(m).
-3
Let b(g) = 7*g - 38. Let r(m) = -6. Let d(c) = b(c) + r(c). Determine d(6).
-2
Let z be (-2)/(-2) - (-10)/5. Let s(p) = 1 - 5 + 1 + z*p + 1. Suppose -12 = 3*x - 0*u + 4*u, 0 = 3*x - 3*u + 12. Calculate s(x).
-14
Suppose 0 = -c + 9*c - 104. Let n(f) = f**2 - 15*f + 15. Give n(c).
-11
Let r(u) = 5*u - 1. Suppose 0 = 3*p + 2*n - 7*n - 58, n - 50 = -5*p. Let i(d) = 0 + 2 - p*d + d - d. Let y(m) = -6*i(m) - 13*r(m). Calculate y(-4).
-3
Let x(j) be the third derivative of -j**7/2520 - j**6/90 - j**5/24 + 43*j**4/24 + 17*j**2. Let a(r) be the second derivative of x(r). Give a(-6).
7
Let n(s) = 2*s + 8. Let c(p) = p**3 + p**2 - 3*p - 3. Let d be c(-2). Let f be 5 - (0 + -1 + d). Suppose -13 + f = o. Calculate n(o).
-4
Let a(o) = 3*o + 8. Let f be a(-5). Let l(k) = -6*k**2 + 11*k - 6. Let i(b) = -5*b**2 + 10*b - 5. Let z(t) = f*i(t) + 6*l(t). Give z(-4).
-1
Let g be (1 - 0)/(-2 + 3 + -2). Let m(c) be the second derivative of -c**4/2 - c**3/3 - c**2/2 - 2*c. Give m(g).
-5
Let u be (1 - -2)*(5 + -6 + 0). Let t(o) = 1. Let z(y) = -2*y - 6. Let w(f) = 3*t(f) + z(f). What is w(u)?
3
Let u(j) = j**2 + 5*j. Let n(z) = -z**2 - z. Let r(t) = 2*n(t) + u(t). Let g be (-1)/(1/3*-1). Suppose -4*p = 4*y - y + g, -4*y + 3*p = -21. Determine r(y).
0
Let d(c) = -3*c**3 - c**2 - c + 1. Suppose z + 4 - 9 = 0. Let b = z + -4. Determine d(b).
-4
Let m(u) be the first derivative of u**4/4 + 2*u**3 + 3*u**2/2 + 3*u - 75. Let j(x) = -5*x**2 + 2*x + 1. Let l be j(-1). Determine m(l).
-15
Let q(v) = 8*v - 30*v**2 + 8*v**2 + 21*v**2 - 14. Determine q(8).
-14
Let d = 85 - 90. Let u(b) = -b + 5. Calculate u(d).
10
Suppose 0 = 3*u - 0*u - 15, -11 = -3*r - u. Let h(p) = p - p**3 - 25*p**2 - 9*p + 19*p**r - 1 + 14*p**2. Determine h(7).
-8
Let b(x) = x**3 - x**2 - 6*x - 5. Let u(s) = s**3 - 5*s - 4. Let o(y) = 3*b(y) - 4*u(y). Determine o(-4).
9
Let b(x) = -x**3 - 2*x**2 + 3*x - 3. Let n = -8 - -9. Let o be -2 - 1/(n/(-2)). Let q be 0/3 - (3 - o). Determine b(q).
-3
Let o be (-1)/(9/(-24)) + (-4)/6. Suppose -o*v + 9*v - 28 = 0. Let p(i) = 4*i - 4. What is p(v)?
12
Let a(l) = -2*l + 11. Let g be a(4). Let f be ((-4)/(-8)*g)/((-12)/32). Let b(d) = -d**2 - 8*d. What is b(f)?
16
Let u(x) = -3*x + 1. Suppose 0*c - 5*c = 10. Suppose 4 = 5*h - 4*j, 19*h + 2*j = 24*h - 12. Let k be c/(4/(-8)*h). What is u(k)?
-2
Let b(c) = -5*c**2 - 6*c**3 - 2 - 4*c + 2*c**3 + 3*c**3. Suppose 15 = -4*j - j. Let s be ((-2)/3*j)/(13/(-26)). Give b(s).
-2
Suppose 0 = -3*y + 44*y - 82. Let r(t) = -2 - t**2 - t**2 + t + 0*t**3 + t**3. Calculate r(y).
0
Let z = -87 - -85. Let w(u) = -5*u**2 - 2. Give w(z).
-22
Let b(g) be the third derivative of g**6/120 - g**5/15 - g**4/12 + 5*g**3/6 - 203*g**2. Calculate b(4).
-3
Let s(i) be the first derivative of -7/3*i**3 + 3*i + 21 + 5/2*i**2 + 1/4*i**4. What is s(6)?
-3
Let s = 7 - 2. Let b be (-10)/(-4)*(-3 + s). Suppose -b*v = -2*v. Let k(j) = -j**3 + j - 5. Calculate k(v).
-5
Let i be (-2)/(1 + (-6)/4). Let o(n) be the second derivative of n**3/6 + n**2 - 6*n. Calculate o(i).
6
Suppose 2 = 2*q, 3*z + 12 = 2*q - 5. Let a(o) = o**3 + 6*o**2 + 7*o + 4. What is a(z)?
-6
Let n(c) = -c**2 + 8*c - 6. Let l be 1*5*15/25. Suppose 0 = -6*b + 3*b - l, -b + 24 = 5*i. Give n(i).
9
Let n(f) = 8*f - 6. Let h be n(2). Let w(b) = -3*b - 1. Give w(h).
-31
Let s(k) be the third derivative of k**5/120 + 7*k**4/24 + 5*k**3/6 + k**2. Let n(j) be the first derivative of s(j). Let w be 64/(-12) - 4/6. Determine n(w).
1
Let u(a) = -a**3 + 2*a - 2. Let y be 2/(((-3)/(-9))/(-1 - 0)). Let l = -5 + 13. Let f = l + y. Give u(f).
-6
Let o(h) = h**2 + 5*h - 9. Suppose 542*r + 147 = 521*r. Give o(r).
5
Let f be 555/(-259) - 2/(-14). Let s(o) = 22*o + 1. Give s(f).
-43
Let o(s) = -s**2 + s - 3*s**2 + s + 0*s**2 - 1. Let c(r) = r**2 + 6*r - 3. Let b be c(-7). Suppose 2*f + b = 6*f. Determine o(f).
-3
Let g(f) = -f**2 - 3*f - 3. Let n = 107 - 109. Determine g(n).
-1
Let p(i) = -26*i + 1. Let u(n) = 50*n - 4. Let k(t) = -5*p(t) - 3*u(t). Determine k(3).
-53
Let f = 22 - 23. Let x(b) be the second derivative of -b**4/12 - 22*b. What is x(f)?
-1
Let y(t) = 0*t**2 - 135 - t + 120 - t**2 + 0*t**2. Let h = -1 - -1. What is y(h)?
-15
Let t(w) = -3*w**2 + 2*w**2 + 6*w + 0 - 8. Let o(x) = -x**3 - 6*x**2 + 4*x + 16. Let f be o(-6). Let s = -2 - f. Give t(s).
-8
Let n(x) = x**2 - 3*x + 1. Let f be ((-3)/(-2))/((-12)/(-896)). Let o = f - 110. What is n(o)?
-1
Let l(t) = -179 - 4*t - 8*t - 5*t + 182 + 15*t. Let v = 7 + -4. Give l(v).
-3
Let d(u) = 11*u**3 - 24*u**2 - 32*u + 2. Let z(r) = -3*r**2 - 4*r**3 + r**2 + r**2 + 9*r**2 - 1 + 11*r. Let f(t) = 3*d(t) + 8*z(t). Determine f(9).
7
Let h(m) = 10*m - 36*m + 1 + 13*m + 2*m**2 + 7*m. Let s = 38 - 33. What is h(s)?
21
Let y be ((-18)/(-12))/(13/52). Let d(v) = v**3 - 5*v**2 - 7*v - 5. Calculate d(y).
-11
Let a be 0 + (4 + -1 - 2). Let r(p) = 0*p**2 - a + 10*p - 8*p - 8*p**2. Calculate r(1).
-7
Let g(f) = -f**3 + 4*f**2 - 1. Let u(h) = -6*h**3 + 12*h**2 - 6*h - 17. Let x(c) = 5*g(c) - u(c). Give x(-8).
-36
Let m(f) be the third derivative of -f**6/120 - f**5/60 - f**4/24 - 2*f**3/3 - 33*f**2. Suppose -2*v = -5*v. Suppose -a = -v*a. Determine m(a).
-4
Let d be 2/(-13) - ((-60)/52 - 3). Suppose -2 + 26 = -d*t. Let u(b) = -b - 6. What is u(t)?
0
Let y(f) = -f**3 + 7*f**2 - 7*f + 2. Let p(l) be the third derivative of -4*l**3 + 0 + 1/60*l**5 - 7/24*l**4 + 0*l + l**2. Let t be p(10). What is y(t)?
-4
Let t(o) = o. Let h be -2 + (-3 - -3)/(-4). Let u(y) = 7*y + 2. Let s(b) = h*t(b) + u(b). Let q(j) = -j. Let l(f) = -6*q(f) - s(f). What is l(4)?
2
Let z be 8/(((-8)/(-34))/2). Suppose 20 = 4*v + z. Let w be 4/(-3)*v/(-8). Let a(o) = 3*o. Calculate a(w).
-6
Let o(g) = 4*g + 1. Let l be -5*7/(35/(-4)). Let v be 1*l/(12/9). Suppose -j = v*j - 8. What is o(j)?
9
Let h(x) = -10*x + 1. Suppose b + 9 = 11. Let m(w) = 29*w - 3. Let g(a) = b*m(a) + 7*h(a). Give g(1).
-11
Let j(z) be the second derivative of z**4/12 - 5*z**3/6 - 2*z**2 - 6*z + 5. What is j(5)?
-4
Suppose 3*p - 19 = a, 4*a + 59 = 5*p + 18. Let d(f) = -3*f - 2. Give d(a).
10
Let l(a) = -1951*a - 13 + 965*a + 975*a. Determine l(-4).
31
Let s = 41 + -59. Let x = 17 + s. Let z(t) = 6*t**2 + t. What is z(x)?
5
Let f be 274/(-30) + 2/(-150)*-10. Let w(k) = 8*k - 2. What is w(f)?
-74
Let s(f) = -f + 6. Suppose 0 = 5*r + p + 5, 0 = -5*p + p. Let u be r + 3/((-3)/(-32)). Suppose 4*c + 11 - u = 0. Give s(c).
1
Suppose -5*m - 1 = -2*i, 0*i - 3*i + 10 = m. Let d(w) = 4*w**2 - w - 9 + 7*w - i*w**2. Give d(-8).
7
Let g(r) = -r**2 + 4*r - 3. Suppose 5*n - 25 = -t, 31 = 5*t - n + 10. Let v be g(t). Let j(h) = h**2 + 8*h - 2. Calculate j(v).
-2
Let z be 34/8 + (-2)/8. Let b(f) = -f + 5. What is b(z)?
1
Let x be 4 + -7 - (-20 + 8). Let k(s) = -s**2 + 10*s - 13. Give k(x).
-4
Let x = -15 - -16. Let q = -4 + x. Let g(k) = 2*k + 2. Let y(v) = -v - 1. Let p(h) = q*g(h) - 5*y(h). What is p(4)?
-5
Let d be 10/4 + 2/4. Let k = 3 - d. Suppose 0 = -k*y + 2*y. Let i(g) = g**2 + g + 6. Determine i(y).
6
Let v(g) = -g**2 + 9*g - 7. Let r(o) = o**3 - 13*o**2 - 14*o + 9. Let a(c) = 5*c - 6. Let m be a(4). Let z be r(m). What is v(z)?
-7
Let u(w) = -4 + 9*w**2 + 7 + 0 - 2*w - 10*w**2. Give u(-3).
0
Let x(g) = -2 - 7*g**2 - g**2 + g + 5*g**2 + 2*g**2. Suppose -2*i + 15 = -7*i. Determine x(i).
-14
Let l(m) = 73*m - 24*m - 18*m + 3 - 16*m - 23*m. Determine l(-2).
19
Let d(y) = -612 + 1808 - 585 + y**2 - 5*y - 604. Let q(j) = 3*j - 8. Let b be q(6). Let f = b + -5. Calculate d(f).
7
Let c(x) = 583 - 1119 + 4*x + 559. Give c(-6).
-1
Let s(u) = 2*u + 60 - 21 + 2*u - 24 - 20. Calculate s(6).
19
Let u(f) be the third derivative of -f**8/2880 - f**7/5040 - f**6/720 + f**5/15 - f**4/6 + 34*f**2. Let b(d) be the third derivative of u(d). Calculate b(-1).
-7
Let j(t) be the second derivativ